n factor of 6 and m.
6
Let q be (4/(-12))/(((-14)/(-14448))/(-1)). What is the greatest common divisor of q and 5504?
344
Suppose x + x - 96 = -4*s, 0 = -x - 6*s + 60. What is the highest common factor of x and 196?
14
Suppose 64*o - 1037 = 3*o. What is the highest common divisor of o and 17221?
17
Let o be 7/((-280)/60) - (-218)/4. What is the highest common divisor of o and 6625?
53
Let d = -805 + 1102. What is the highest common factor of d and 22?
11
Let c(a) = -a**3 + 3*a**2 + 2*a + 36. Let p be c(8). Suppose -4*i = -i - 1224. Let z = i + p. Calculate the highest common factor of z and 20.
20
Let i(h) = -40*h - 5. Let n be i(-2). Let c be ((-2)/6)/((55/n)/(-11)). Let v be (26/c)/(3/30). Calculate the greatest common divisor of v and 39.
13
Let q be 2904/(-30) - 12/10. Let t = -83 - q. Calculate the greatest common factor of t and 5.
5
Let y(z) = z**2 - 19*z - 39. Let s be y(21). Let g be s*1 - (7 - 72/1). What is the greatest common divisor of 272 and g?
68
Let w = -20632 - -20646. Let x(v) = -v**3 + 8*v**2. Let y be x(7). What is the greatest common factor of y and w?
7
Let s(o) = -3*o**2 + 61*o - 108. Let c be s(18). What is the greatest common divisor of 246 and c?
6
Let f(t) = 133*t - 1674. Let y be f(18). What is the highest common divisor of y and 152?
8
Let r = -6021 + 6059. Calculate the highest common divisor of r and 2299.
19
Let k(x) be the first derivative of -x**4/4 + 7*x**3/3 - 11*x**2/2 + 25*x + 8. Let r be k(3). Calculate the greatest common divisor of r and 63.
7
Suppose 5 = -5*k, 8*p - 5*k = 4*p + 69. Suppose -r = -5*o - 445, 10*r - 18*r + 3*o + 3227 = 0. What is the greatest common divisor of p and r?
16
Suppose 0 = -16*r - 89 - 87. Let c(b) = 2*b**3 + 24*b**2 + 4*b - 38. Let k be c(r). Calculate the greatest common divisor of 5 and k.
5
Let b(x) = x**2 + 68*x + 1245. Let f be b(-44). Calculate the highest common factor of 28 and f.
7
Suppose 4*i + 398 = 1238. Let c = 1206 + -1176. What is the greatest common divisor of i and c?
30
Let y be ((-8)/((-40)/(-65)))/(3/(-9)). What is the highest common divisor of 702 and y?
39
Let a = 2417 + -2317. What is the greatest common divisor of 1010 and a?
10
Suppose -6*d + 355 = 347 - 316. Suppose 3*r - 5*a - 2410 = 0, 5*r - 5*a - 3220 = r. What is the highest common divisor of d and r?
54
Suppose 8*l - 5*v + 248 = 12*l, 0 = -2*l - 2*v + 122. Calculate the greatest common factor of l and 54.
3
Suppose -3*j - 111 + 381 = 0. Let c = 242 - 250. Let x(o) = -o**2 - 18*o - 50. Let r be x(c). Calculate the greatest common factor of r and j.
30
Suppose -4*f - 3*g = -74, -2*f - 237*g = -239*g - 44. Calculate the highest common factor of f and 2500.
20
Suppose -3*g + 9*n = 6*n + 1563, 0 = -g + 4*n - 518. Let b be (-5 - 6/(-2))*g/3. Calculate the highest common divisor of 24 and b.
12
Let v be 4/(-6) + (-214)/(-6). Let r(n) = 10*n - 735. Let a be r(77). Calculate the highest common divisor of v and a.
35
Suppose -q + 4 = 2*l - 17, -3 = -l - 2*q. Suppose 3750 = 12*f + l*f. What is the greatest common factor of 200 and f?
50
Let k = 5337 + 15. Suppose 0*o + 6*o = k. Suppose 0 = 4*m - 4*n - o, m + 3*n - 5*n = 226. Calculate the highest common divisor of 20 and m.
20
Suppose -4096 = 34*o - 10080. Let f(y) = -4*y**3 - 2*y**2 + y. Suppose -5*h + 6 = 16. Let r be f(h). What is the highest common factor of o and r?
22
Let k = -877 - -1849. Let u = k + -967. What is the greatest common divisor of u and 465?
5
Let v(r) = 6*r**3 - 17*r**2 + 69*r - 200. Let g be v(4). Calculate the greatest common factor of g and 1457.
47
Suppose 2*d + 9021 = -3*o, -2917 = 2*o - 2*d + 3087. Let f be 24/64 + o/(-8). Calculate the greatest common divisor of f and 8.
8
Suppose 0 = 8*b + 32 - 168. Suppose b*v - 7780 = -1796. Calculate the highest common divisor of 32 and v.
32
Suppose -3*s = 5*o - 100135, -5*s - 5*o + 229727 - 62812 = 0. Calculate the greatest common factor of s and 53.
53
Let y = -14187 - -14808. Let p(r) = 5*r**2 + 2*r - 1. Let u be p(2). What is the greatest common factor of u and y?
23
Suppose 2*y + 16723 = -y + 21781. What is the greatest common divisor of 12 and y?
6
Let c(g) = g**3 + 19*g**2 + 42*g + 138. Let x be c(-17). Calculate the greatest common divisor of x and 8.
2
Suppose 3*t - 3069 = -2*u, u + 2279 = 3*t - 799. Calculate the highest common divisor of 150 and t.
25
Suppose -35*f - 5*f - 381 + 4621 = 0. What is the highest common factor of f and 14?
2
Suppose -4*w + 16 = 0, -3*l = l - 5*w - 2220. Let a = 975 - l. Calculate the highest common factor of 83 and a.
83
Suppose 3 = -26*r + 23*r. Let z = r - -36. Let w = 48 - z. What is the greatest common divisor of w and 117?
13
Let r = -56 + 81. Suppose -200*m + 214*m = 630. Suppose 8*y = -y + m. Calculate the highest common factor of y and r.
5
Suppose r - 4*d = -r + 26, d = 3*r - 34. Suppose 2*m - 5*j - 16 = 0, 0 = 5*j - 1 + 11. What is the highest common factor of r and m?
1
Suppose 3*w + 6 = -6. Let o be (w/(-36)*6)/((-8)/(-540)). Suppose n - 20 = -2. What is the highest common divisor of o and n?
9
Suppose 881 = -10*u + 1721. Suppose 4*o + 4*y = u, 5*y + 26 = 2*o - 23. What is the greatest common divisor of 6 and o?
2
Suppose 4*d = 2*x - 6, 2*d + 3*x - 7 - 10 = 0. Let z be (d + 3)*3/4. Let y be z + (2 - 4) - -4. What is the greatest common factor of y and 40?
5
Let x(t) = 1297*t + 5916. Let m be x(-4). What is the highest common factor of m and 280?
56
Suppose 791*j = 794*j - 2*s - 8736, 0 = -3*j - 5*s + 8736. Calculate the highest common factor of j and 112.
112
Let c(g) = 5*g**3 - 59*g**2 - 13*g + 28. Let f be c(12). Let u be 42/63 - 332/(-6). What is the highest common divisor of u and f?
8
Let l = 24 - 19. Let o be 494/39*((-30)/(-4))/l. What is the highest common factor of 551 and o?
19
Suppose 357 = 952*d - 935*d. Calculate the greatest common divisor of 819 and d.
21
Let t(r) = 3*r + 62. Let f be t(0). Suppose 4*u = -2*c + 94, -c + f = 3*u + 16. Let o = c + -35. Calculate the greatest common factor of o and 98.
14
Let q = 3729 + -3627. What is the highest common divisor of q and 1887?
51
Suppose 12*i = 65*i - 18656. Calculate the greatest common factor of 55 and i.
11
Let h = -2025 - -2918. Calculate the greatest common factor of 47 and h.
47
Let s be -2*110/20*-3. What is the highest common divisor of s and 187?
11
Let h(q) = 407*q + 2384. Let i be h(-4). Calculate the highest common divisor of 864 and i.
108
Suppose 2*l - 3*g - 24 - 31 = 0, 2*l - 57 = g. Suppose -l*d = -35*d + 408. Suppose -d = -x + 127. Calculate the highest common factor of x and 15.
15
Let m = 14661 - 14481. What is the highest common factor of 912 and m?
12
Let p(w) = 18*w**3 - w**2 - 2*w - 1. Let z be p(-1). Let d be (z/(-30))/(3/15). Let g(s) = s. Let c be g(9). Calculate the highest common factor of d and c.
3
Suppose a - 2*l = 4160, -2*a - 3*l + 0*l + 8264 = 0. What is the greatest common factor of 1813 and a?
259
Let p be -2*(42/(-12) + 3). Let k(w) = w - 20. Let q be k(12). Let y = p - q. Calculate the highest common divisor of y and 27.
9
Suppose -6*z - 1190 = 7*z - 20*z. Calculate the highest common divisor of z and 1054.
34
Suppose h + 200*h - 28*h = 2271663. What is the highest common factor of h and 9?
9
Let l = -178 + 181. Suppose -5*d - 144 = -o - 2*d, -l*o = -3*d - 408. Calculate the greatest common divisor of 88 and o.
44
Suppose 0 = 3*d + 2*s - 138, 129 = 2*d + d - s. Suppose -f + 39 = 4*h, -2*h = 42*f - d*f + 48. What is the greatest common factor of 3 and f?
3
Let a be (-12 + (-3)/1)*(-112)/35. Suppose 10*w + a = 16*w. Suppose 2*k + 2*q = 3*k - 144, -5*k + 700 = -5*q. Calculate the highest common factor of k and w.
8
Suppose 559*p - 581*p = -14168. What is the greatest common factor of p and 1771?
161
Suppose 6 = -5*o + 31. Let k = 337 + -334. Suppose -301 = -k*u - 4*b, -2*u = 4*b - 9*b - 170. What is the highest common divisor of o and u?
5
Suppose 0 = 50*j + 81*j - 25545. Calculate the highest common factor of 1495 and j.
65
Let n = 108 + -4. Suppose -2*b = 57 + 13. Let p be 14/b*(-130)/4. Calculate the greatest common factor of p and n.
13
Let l be 3/(-2)*(-20)/30. Suppose -9 = -4*f - l. Suppose 0 = 2*y - 4 + f. Calculate the greatest common divisor of 2 and y.
1
Let y = 1028 - 325. What is the greatest common factor of 19 and y?
19
Supp